what is -5 - 1566140421?
-1566140426
In base 15, what is -1017d - 8613?
-18791
In base 13, what is 183 + -9914?
-9761
In base 8, what is -32726621 + 104?
-32726515
In base 3, what is 20111210 - -1102212011?
1200100221
In base 12, what is 8 + 14275b?
142767
In base 10, what is 302436 + -19?
302417
In base 10, what is 177 - 392917?
-392740
In base 7, what is 523 - 44601622?
-44601066
In base 7, what is -346015131 + 2?
-346015126
In base 2, what is 101000001110111011010 - 1010?
101000001110111010000
In base 13, what is 4746 - 760b?
-2b95
In base 13, what is -163191 - -12?
-16317c
In base 11, what is 13673645 + 5?
1367364a
In base 15, what is -215e6 + -56?
-2164c
In base 13, what is 1b6 + 2418b?
24374
In base 2, what is 11100101011100010 + 111010010?
11100110010110100
In base 15, what is -559d88 + -4?
-559d8c
In base 12, what is 3066 + 15b3?
4659
In base 8, what is 21635744 - 2?
21635742
In base 11, what is -5 - 2a91395?
-2a9139a
In base 11, what is 2 - -2832422?
2832424
In base 16, what is -17a9092 - 5?
-17a9097
In base 12, what is -24ba8b3 - 2?
-24ba8b5
In base 5, what is -2034 + -3241421?
-3244010
In base 16, what is b69e4f - -5?
b69e54
In base 14, what is -17c6b9 + 6?
-17c6b3
In base 7, what is 113 - -14121536?
14121652
In base 7, what is -46343 - -23263?
-23050
In base 15, what is -cee3 - -42a?
-cab8
In base 12, what is 96224 + -1b?
96205
In base 6, what is 45525 + 242?
50211
In base 4, what is 0 - 13211003010?
-13211003010
In base 5, what is 13 - -421310220323?
421310220341
In base 8, what is 24 + -13720317?
-13720273
In base 6, what is 5135 + -11415110?
-11405531
In base 16, what is 44 - -14437?
1447b
In base 10, what is -439836 + 37?
-439799
In base 15, what is 3439a - 3e?
3435b
In base 2, what is 10100011110010011 - 101011011?
10100011000111000
In base 7, what is -6341 - 14261?
-23632
In base 10, what is -5287242 + 1?
-5287241
In base 15, what is -b266c8a + 0?
-b266c8a
In base 15, what is 1b + -37334b?
-373330
In base 16, what is -61444 + 157?
-612ed
In base 16, what is 4e - -77c7a?
77cc8
In base 10, what is -13 + 5750931?
5750918
In base 5, what is -10231 - -24010343?
24000112
In base 13, what is -1a8151 + -59?
-1a81aa
In base 13, what is 3 - -11411726?
11411729
In base 9, what is -1230251 - 564?
-1230825
In base 6, what is 453244313 - 5?
453244304
In base 13, what is 739a631 - 1?
739a630
In base 6, what is 1415144421 + -1?
1415144420
In base 11, what is -4 + -17455108?
-17455111
In base 9, what is 1 - -42816207?
42816208
In base 15, what is 344ad - 0?
344ad
In base 11, what is -80 + 584902?
584832
In base 4, what is -33 - 2030212331?
-2030213030
In base 4, what is 312220030 + -121220?
312032210
In base 15, what is -1b69 + -29b1?
-462a
In base 14, what is -978 + -66261?
-66bd9
In base 7, what is 140 - -43513?
43653
In base 10, what is 41 - -11377645?
11377686
In base 2, what is 1010101000011101010110 + -1001?
1010101000011101001101
In base 9, what is 15 + 270483807?
270483823
In base 11, what is a + -14012329?
-1401231a
In base 10, what is 2 - 103158146?
-103158144
In base 8, what is 174561 - -3251?
200032
In base 3, what is 11111010 + -1121202100?
-1110021020
In base 10, what is -28 - -17750?
17722
In base 13, what is 891 - -133001?
133892
In base 14, what is -8530896 + 5?
-8530891
In base 14, what is -45cb5b + -c?
-45cb69
In base 12, what is -5 + -545a03a2?
-545a03a7
In base 6, what is -4115 + -402514?
-411033
In base 10, what is 2 - 8896881?
-8896879
In base 13, what is c + 808834?
808843
In base 14, what is -9dc113 - 1a?
-9dc12d
In base 4, what is -1010330030311 - 2?
-1010330030313
In base 2, what is 1101110111 - 10100001010011?
-10010011011100
In base 16, what is -1092 + -fb?
-118d
In base 8, what is -4 + 4255364?
4255360
In base 5, what is -20303423 - 1141?
-20310114
In base 2, what is 1100000111000001011001001100 + 11?
1100000111000001011001001111
In base 12, what is -46853 - -50?
-46803
In base 4, what is 1210201 + -33321?
1110220
In base 4, what is 2210011 - -123203?
2333220
In base 6, what is 12225101304 + 5?
12225101313
In base 14, what is -109 + 4335d6?
4334cb
In base 6, what is -4 + 134210502?
134210454
In base 6, what is -5 - -400004444?
400004435
In base 8, what is 2 + 1366711752?
1366711754
In base 12, what is -152b9 + -5b6?
-158b3
In base 14, what is -1b1662 - 18?
-1b167a
In base 2, what is -11101100011 - 110111010?
-100100011101
In base 6, what is 3 + 2004103054?
2004103101
In base 15, what is -53b53c - 11e?
-53b65b
In base 9, what is -137124836 + -1?
-137124837
In base 9, what is 13171048 + 11?
13171060
In base 11, what is 63 + -23330?
-23278
In base 16, what is 52e + 436?
964
In base 12, what is -383 - -1433b9?
143036
In base 10, what is -1424 + 32406?
30982
In base 8, what is -7456 + 11620?
2142
In base 8, what is -1161777 + 155?
-1161622
In base 10, what is 332 + 36245?
36577
In base 9, what is -6431454 - -38?
-6431415
In base 2, what is -10100010010101110 - 1011100101?
-10100011110010011
In base 8, what is 53071106 - 6?
53071100
In base 14, what is -c - 15bd38?
-15bd46
In base 3, what is 20121001112221 + -10?
20121001112211
In base 5, what is 244022 - -30103?
324130
In base 4, what is -301221210 - -1230?
-301213320
In base 5, what is 1010 - -103011?
104021
In base 3, what is -20112011101100221 - -10?
-20112011101100211
In base 16, what is -291fc9 - 1d?
-291fe6
In base 10, what is 624577 - 15?
624562
In base 16, what is 4 + -4a6402?
-4a63fe
In base 2, what is -1111 + 101001011010011110110?
101001011010011100111
In base 12, what is -350 - -3536a?
3501a
In base 16, what is -2 + 1b03255?
1b03253
In base 8, what is 21346 - 7452?
11674
In base 12, what is 25a8b - 421?
2566a
In base 9, what is 3 + 326340676?
326340680
In base 2, what is 1 - 10000101011111011011110?
-10000101011111011011101
In base 4, what is 130322321321031 - 0?
130322321321031
In base 2, what is -11 - -1111001011011111001111000?
1111001011011111001110101
In base 6, what is -3 + -4145025344?
-4145025351
In base 10, what is 9154507 + 4?
9154511
In base 8, what is -431 - 2577471?
-2600122
In base 4, what is -130113 + -1003221002?
-1010011121
In base 2, what is 111001000000111 + -11100111001?
110101011001110
In base 9, what is 1257 - -125003?
126261
In base 4, what is 331203133313 - 0?
331203133313
In base 16, what is -8 + 1288a9?
1288a1
In base 16, what is b6 + -43b773?
-43b6bd
In base 4, what is 213101 + 1033001?
1312102
In base 2, what is -100 - -101000001101111011110101?
101000001101111011110001
In base 12, what is 50 + 2720a10?
2720a60
In base 2, what is -1101001001110000010 + 100010110?
-1101001001001101100
In base 16, what is -1154428 + 1?
-1154427
In base 2, what is 10110101 - 1100001010101001?
-1100000111110100
In base 15, what is -518055 + 10?
-518045
In base 12, what is 59898 - 2b00?
56998
In base 14, what is 1c879 - 2b?
1c84c
In base 2, what is 111101110110111100101010111 - 1?
111101110110111100101010110
In base 16, what is 8151 + 1bf?
8310
In base 5, what is 111430 + 20010110?
20122040
In base 9, what is 50 - 5138712?
-5138652
In base 9, what is -1443 - 264803?
-266346
In base 12, what is -24079b312 + 0?
-24079b312
In base 5, what is 211 + -3104410424?
-3104410213
In base 10, what is -50423 + -6380?
-56803
In base 11, what is -24774134 - -8?
-24774127
In base 16, what is 16fd4 - -127?
170fb
In base 13, what is 69 - 481c10?
-481b74
In base 15, what is 7d8 - -1472?
1c5a
In base 9, what is -134173 + -177?
-134361
In base 9, what is -12704027 - 166?
-12704204
In base 16, what is -24f8 - 18?
-2510
In base 13, what is 4c72 - cc?
4b73
In base 6, what is 114500115 + -150?
114455525
In base 16, what is -3ddf + -d05?
-4ae4
In base 14, what is -397 + -3b7?
-770
In base 5, what is 22441 - -3042403?
3120344
In base 5, what is -10 + 233121041?
233121031
In base 14, what is -cdcb + -b6?
-d0a3
In base 2, what is -100101 - 111010100010010110111?
-111010100010011011100
In base 15, what is a137 + -151?
9ed6
In base 11, what is 9 - 32129923?
-32129915
In base 14, what is -2dc38 - -8a?
-2db8c
In base 6, what is -233152 + 13104?
-220044
In base 4, what is -10103331323100 - 0?
-10103331323100
In base 16, what is 8503 - -20?
8523
In base 16, what is 16 - -16f81d?
16f833
In base 2, what is -11010100001110 + -1101000001100?
-100111100011010
In base 4, what is 322013